{"id":42,"date":"2025-11-19T15:19:20","date_gmt":"2025-11-19T15:19:20","guid":{"rendered":"https:\/\/guertec.andrea.web.c1.cl\/?page_id=42"},"modified":"2025-11-19T19:23:18","modified_gmt":"2025-11-19T19:23:18","slug":"servicios","status":"publish","type":"page","link":"https:\/\/guertec.andrea.web.c1.cl\/index.php\/servicios\/","title":{"rendered":"Servicios"},"content":{"rendered":"\t\t<div data-elementor-type=\"wp-page\" data-elementor-id=\"42\" class=\"elementor elementor-42\" data-elementor-post-type=\"page\">\n\t\t\t\t<div class=\"elementor-element elementor-element-6fdacb7 e-con-full e-flex e-con e-parent\" data-id=\"6fdacb7\" data-element_type=\"container\" data-e-type=\"container\" data-settings=\"{&quot;background_background&quot;:&quot;classic&quot;}\">\n\t\t<div class=\"elementor-element elementor-element-08c94dd e-flex e-con-boxed e-con e-child\" data-id=\"08c94dd\" data-element_type=\"container\" data-e-type=\"container\">\n\t\t\t\t\t<div class=\"e-con-inner\">\n\t\t\t\t<div class=\"elementor-element elementor-element-b8ef11b elementor-invisible elementor-widget elementor-widget-heading\" data-id=\"b8ef11b\" data-element_type=\"widget\" data-e-type=\"widget\" data-settings=\"{&quot;_animation&quot;:&quot;fadeInLeft&quot;}\" data-widget_type=\"heading.default\">\n\t\t\t\t\t<h2 class=\"elementor-heading-title elementor-size-default\">Servicios<\/h2>\t\t\t\t<\/div>\n\t\t\t\t<div class=\"elementor-element elementor-element-eb74f0b elementor-widget-divider--separator-type-pattern elementor-widget-divider--no-spacing elementor-widget-divider--view-line elementor-invisible elementor-widget elementor-widget-divider\" data-id=\"eb74f0b\" data-element_type=\"widget\" data-e-type=\"widget\" data-settings=\"{&quot;_animation&quot;:&quot;fadeIn&quot;}\" data-widget_type=\"divider.default\">\n\t\t\t\t\t\t\t<div class=\"elementor-divider\" style=\"--divider-pattern-url: url(&quot;data:image\/svg+xml,%3Csvg xmlns=&#039;http:\/\/www.w3.org\/2000\/svg&#039; preserveAspectRatio=&#039;none&#039; overflow=&#039;visible&#039; height=&#039;100%&#039; viewBox=&#039;0 0 24 24&#039; fill=&#039;black&#039; stroke=&#039;none&#039;%3E%3Cpath d=&#039;M24,8v12H0V8H24z M24,4v1H0V4H24z&#039;\/%3E%3C\/svg%3E&quot;);\">\n\t\t\t<span class=\"elementor-divider-separator\">\n\t\t\t\t\t\t<\/span>\n\t\t<\/div>\n\t\t\t\t\t\t<\/div>\n\t\t\t\t\t<\/div>\n\t\t\t\t<\/div>\n\t\t\t\t<\/div>\n\t\t<div class=\"elementor-element elementor-element-1321028 e-flex e-con-boxed e-con e-parent\" data-id=\"1321028\" data-element_type=\"container\" data-e-type=\"container\">\n\t\t\t\t\t<div class=\"e-con-inner\">\n\t\t<div class=\"elementor-element elementor-element-2c4ed9e e-con-full e-flex elementor-invisible e-con e-child\" data-id=\"2c4ed9e\" data-element_type=\"container\" data-e-type=\"container\" data-settings=\"{&quot;animation&quot;:&quot;fadeIn&quot;}\">\n\t\t\t\t<div class=\"elementor-element elementor-element-1763ab7 elementor-widget elementor-widget-heading\" data-id=\"1763ab7\" data-element_type=\"widget\" data-e-type=\"widget\" data-widget_type=\"heading.default\">\n\t\t\t\t\t<h2 class=\"elementor-heading-title elementor-size-default\">Nuestros Servicios<\/h2>\t\t\t\t<\/div>\n\t\t\t\t<div class=\"elementor-element elementor-element-9a9bccd elementor-widget-divider--separator-type-pattern elementor-widget-divider--no-spacing elementor-widget-divider--view-line elementor-widget elementor-widget-divider\" data-id=\"9a9bccd\" data-element_type=\"widget\" data-e-type=\"widget\" data-widget_type=\"divider.default\">\n\t\t\t\t\t\t\t<div class=\"elementor-divider\" style=\"--divider-pattern-url: url(&quot;data:image\/svg+xml,%3Csvg xmlns=&#039;http:\/\/www.w3.org\/2000\/svg&#039; preserveAspectRatio=&#039;none&#039; overflow=&#039;visible&#039; height=&#039;100%&#039; viewBox=&#039;0 0 24 24&#039; fill=&#039;black&#039; stroke=&#039;none&#039;%3E%3Cpath d=&#039;M24,8v12H0V8H24z M24,4v1H0V4H24z&#039;\/%3E%3C\/svg%3E&quot;);\">\n\t\t\t<span class=\"elementor-divider-separator\">\n\t\t\t\t\t\t<\/span>\n\t\t<\/div>\n\t\t\t\t\t\t<\/div>\n\t\t\t\t<div class=\"elementor-element elementor-element-44ab3cd elementor-widget elementor-widget-text-editor\" data-id=\"44ab3cd\" data-element_type=\"widget\" data-e-type=\"widget\" data-widget_type=\"text-editor.default\">\n\t\t\t\t\t\t\t\t\t<p data-start=\"129\" data-end=\"429\">En <strong data-start=\"132\" data-end=\"160\">Electricidad Guerra EIRL<\/strong> ofrecemos una amplia gama de <strong data-start=\"190\" data-end=\"226\">productos y servicios el\u00e9ctricos<\/strong> dise\u00f1ados para satisfacer las necesidades de las <strong data-start=\"276\" data-end=\"308\">peque\u00f1as y medianas empresas<\/strong>. Nos especializamos en proporcionar soluciones personalizadas y de alta calidad para que tu proyecto sea todo un \u00e9xito.<\/p>\t\t\t\t\t\t\t\t<\/div>\n\t\t\t\t<\/div>\n\t\t<div class=\"elementor-element elementor-element-724fd29 e-con-full e-flex elementor-invisible e-con e-child\" data-id=\"724fd29\" data-element_type=\"container\" data-e-type=\"container\" data-settings=\"{&quot;animation&quot;:&quot;bounceIn&quot;}\">\n\t\t\t\t<div class=\"elementor-element elementor-element-3389127 elementor-widget elementor-widget-image\" data-id=\"3389127\" data-element_type=\"widget\" data-e-type=\"widget\" data-widget_type=\"image.default\">\n\t\t\t\t\t\t\t\t\t\t\t\t\t\t\t<img fetchpriority=\"high\" decoding=\"async\" width=\"800\" height=\"534\" src=\"https:\/\/guertec.andrea.web.c1.cl\/wp-content\/uploads\/2025\/11\/sirva-un-tecnico-electrico-que-trabaja-en-una-centralita-con-fusibles-1024x683.jpg\" class=\"attachment-large size-large wp-image-61\" alt=\"\" srcset=\"https:\/\/guertec.andrea.web.c1.cl\/wp-content\/uploads\/2025\/11\/sirva-un-tecnico-electrico-que-trabaja-en-una-centralita-con-fusibles-1024x683.jpg 1024w, https:\/\/guertec.andrea.web.c1.cl\/wp-content\/uploads\/2025\/11\/sirva-un-tecnico-electrico-que-trabaja-en-una-centralita-con-fusibles-300x200.jpg 300w, https:\/\/guertec.andrea.web.c1.cl\/wp-content\/uploads\/2025\/11\/sirva-un-tecnico-electrico-que-trabaja-en-una-centralita-con-fusibles-768x512.jpg 768w, https:\/\/guertec.andrea.web.c1.cl\/wp-content\/uploads\/2025\/11\/sirva-un-tecnico-electrico-que-trabaja-en-una-centralita-con-fusibles-1536x1024.jpg 1536w, https:\/\/guertec.andrea.web.c1.cl\/wp-content\/uploads\/2025\/11\/sirva-un-tecnico-electrico-que-trabaja-en-una-centralita-con-fusibles-2048x1365.jpg 2048w\" sizes=\"(max-width: 800px) 100vw, 800px\" \/>\t\t\t\t\t\t\t\t\t\t\t\t\t\t\t<\/div>\n\t\t\t\t<\/div>\n\t\t\t\t\t<\/div>\n\t\t\t\t<\/div>\n\t\t<div class=\"elementor-element elementor-element-bcd8b47 e-flex e-con-boxed e-con e-parent\" data-id=\"bcd8b47\" data-element_type=\"container\" data-e-type=\"container\">\n\t\t\t\t\t<div class=\"e-con-inner\">\n\t\t<div class=\"elementor-element elementor-element-1899667 e-con-full e-flex elementor-invisible e-con e-child\" data-id=\"1899667\" data-element_type=\"container\" data-e-type=\"container\" data-settings=\"{&quot;animation&quot;:&quot;fadeInLeft&quot;}\">\n\t\t\t\t<div class=\"elementor-element elementor-element-98d0ea1 elementor-widget elementor-widget-text-editor\" data-id=\"98d0ea1\" data-element_type=\"widget\" data-e-type=\"widget\" data-widget_type=\"text-editor.default\">\n\t\t\t\t\t\t\t\t\t<h4 data-start=\"431\" data-end=\"472\"><strong data-start=\"436\" data-end=\"472\">1. Venta de Productos El\u00e9ctricos<\/strong><\/h4><p data-start=\"474\" data-end=\"548\">Contamos con un extenso <strong data-start=\"498\" data-end=\"534\">cat\u00e1logo de productos el\u00e9ctricos<\/strong>, que incluye:<\/p><p>\u00a0<\/p><ul data-start=\"550\" data-end=\"687\"><li data-start=\"550\" data-end=\"581\"><p data-start=\"552\" data-end=\"581\"><strong data-start=\"552\" data-end=\"581\">Contactores y Autom\u00e1ticos<\/strong><\/p><\/li><li data-start=\"582\" data-end=\"612\"><p data-start=\"584\" data-end=\"612\"><strong data-start=\"584\" data-end=\"612\">Proyectores y Man\u00f3metros<\/strong><\/p><\/li><li data-start=\"613\" data-end=\"631\"><p data-start=\"615\" data-end=\"631\"><strong data-start=\"615\" data-end=\"631\">EMT Tuber\u00edas<\/strong><\/p><\/li><li data-start=\"632\" data-end=\"687\"><p data-start=\"634\" data-end=\"687\"><strong data-start=\"634\" data-end=\"687\">Distribuidores de marcas como Veto, Lureye, Rhona<\/strong><\/p><\/li><\/ul><div>Todos nuestros productos son de <strong data-start=\"721\" data-end=\"737\">alta calidad<\/strong> y cumplen con los m\u00e1s estrictos est\u00e1ndares, asegurando durabilidad y eficiencia en cada instalaci\u00f3n.<b><\/b><\/div>\t\t\t\t\t\t\t\t<\/div>\n\t\t\t\t<\/div>\n\t\t<div class=\"elementor-element elementor-element-3ca3833 e-con-full e-flex elementor-invisible e-con e-child\" data-id=\"3ca3833\" data-element_type=\"container\" data-e-type=\"container\" data-settings=\"{&quot;animation&quot;:&quot;fadeInRight&quot;}\">\n\t\t\t\t<div class=\"elementor-element elementor-element-1ad9f9b elementor-widget elementor-widget-text-editor\" data-id=\"1ad9f9b\" data-element_type=\"widget\" data-e-type=\"widget\" data-widget_type=\"text-editor.default\">\n\t\t\t\t\t\t\t\t\t<h4 data-start=\"840\" data-end=\"882\"><strong data-start=\"845\" data-end=\"882\">2. Asesor\u00eda T\u00e9cnica Especializada<\/strong><\/h4><p>\u00a0<\/p><p data-start=\"884\" data-end=\"1201\">Nuestro equipo de profesionales est\u00e1 siempre dispuesto a brindarte la <strong data-start=\"954\" data-end=\"972\">mejor asesor\u00eda<\/strong> para que puedas elegir los productos adecuados para tu proyecto. Ya sea que necesites orientaci\u00f3n sobre las mejores soluciones el\u00e9ctricas o consejos para optimizar el rendimiento de tus instalaciones, estamos aqu\u00ed para ayudarte.<\/p>\t\t\t\t\t\t\t\t<\/div>\n\t\t\t\t<\/div>\n\t\t<div class=\"elementor-element elementor-element-701bd4a e-con-full e-flex elementor-invisible e-con e-child\" data-id=\"701bd4a\" data-element_type=\"container\" data-e-type=\"container\" data-settings=\"{&quot;animation&quot;:&quot;fadeInLeft&quot;}\">\n\t\t\t\t<div class=\"elementor-element elementor-element-6b03951 elementor-widget elementor-widget-text-editor\" data-id=\"6b03951\" data-element_type=\"widget\" data-e-type=\"widget\" data-widget_type=\"text-editor.default\">\n\t\t\t\t\t\t\t\t\t<h4 data-start=\"1203\" data-end=\"1248\"><strong data-start=\"1208\" data-end=\"1248\">3. Suministro a Empresas y Proyectos<\/strong><\/h4><p>\u00a0<\/p><p data-start=\"1250\" data-end=\"1555\">Nos especializamos en abastecer a <strong data-start=\"1284\" data-end=\"1304\">empresas locales<\/strong> y proyectos de <strong data-start=\"1320\" data-end=\"1345\">instalaci\u00f3n el\u00e9ctrica<\/strong>, ofreciendo precios competitivos y soluciones a medida. Ya sea que se trate de una peque\u00f1a empresa o un proyecto m\u00e1s grande, tenemos los productos y la experiencia necesarios para cubrir todas tus necesidades.<\/p>\t\t\t\t\t\t\t\t<\/div>\n\t\t\t\t<\/div>\n\t\t<div class=\"elementor-element elementor-element-624dcb7 e-con-full e-flex elementor-invisible e-con e-child\" data-id=\"624dcb7\" data-element_type=\"container\" data-e-type=\"container\" data-settings=\"{&quot;animation&quot;:&quot;fadeInRight&quot;}\">\n\t\t\t\t<div class=\"elementor-element elementor-element-368a4fc elementor-widget elementor-widget-text-editor\" data-id=\"368a4fc\" data-element_type=\"widget\" data-e-type=\"widget\" data-widget_type=\"text-editor.default\">\n\t\t\t\t\t\t\t\t\t<h4 data-start=\"1557\" data-end=\"1586\"><strong data-start=\"1562\" data-end=\"1586\">4. Env\u00edos y Entregas<\/strong><\/h4><p data-start=\"1588\" data-end=\"1788\">Ofrecemos <strong data-start=\"1598\" data-end=\"1618\">entregas r\u00e1pidas<\/strong> y <strong data-start=\"1621\" data-end=\"1632\">seguras<\/strong> para garantizar que los productos lleguen a tiempo y en perfecto estado. Nos aseguramos de que tu proyecto no se vea afectado por demoras en el suministro.<\/p>\t\t\t\t\t\t\t\t<\/div>\n\t\t\t\t<\/div>\n\t\t<div class=\"elementor-element elementor-element-204b08b e-con-full e-flex elementor-invisible e-con e-child\" data-id=\"204b08b\" data-element_type=\"container\" data-e-type=\"container\" data-settings=\"{&quot;animation&quot;:&quot;fadeInLeft&quot;}\">\n\t\t\t\t<div class=\"elementor-element elementor-element-731cbe3 elementor-widget elementor-widget-text-editor\" data-id=\"731cbe3\" data-element_type=\"widget\" data-e-type=\"widget\" data-widget_type=\"text-editor.default\">\n\t\t\t\t\t\t\t\t\t<h4 data-start=\"1790\" data-end=\"1846\"><strong data-start=\"1795\" data-end=\"1846\">5. Productos a Medida para Proyectos Especiales<\/strong><\/h4><p data-start=\"1848\" data-end=\"2130\">Si tienes un proyecto espec\u00edfico y necesitas productos personalizados o de caracter\u00edsticas especiales, podemos ayudarte a encontrar la soluci\u00f3n adecuada. Trabajamos directamente con nuestros proveedores para garantizar que obtengas lo que necesitas para tus proyectos m\u00e1s exigentes.<\/p>\t\t\t\t\t\t\t\t<\/div>\n\t\t\t\t<\/div>\n\t\t\t\t\t<\/div>\n\t\t\t\t<\/div>\n\t\t<div class=\"elementor-element elementor-element-ed607d7 e-flex e-con-boxed e-con e-parent\" data-id=\"ed607d7\" data-element_type=\"container\" data-e-type=\"container\">\n\t\t\t\t\t<div class=\"e-con-inner\">\n\t\t\t\t<div class=\"elementor-element elementor-element-eefc2ea elementor-headline--style-highlight elementor-invisible elementor-widget elementor-widget-animated-headline\" data-id=\"eefc2ea\" data-element_type=\"widget\" data-e-type=\"widget\" data-settings=\"{&quot;marker&quot;:&quot;underline&quot;,&quot;highlighted_text&quot;:&quot;nuestros servicios?&quot;,&quot;_animation&quot;:&quot;fadeIn&quot;,&quot;headline_style&quot;:&quot;highlight&quot;,&quot;loop&quot;:&quot;yes&quot;,&quot;highlight_animation_duration&quot;:1200,&quot;highlight_iteration_delay&quot;:8000}\" data-widget_type=\"animated-headline.default\">\n\t\t\t\t\t\t\t<h3 class=\"elementor-headline\">\n\t\t\t\t\t<span class=\"elementor-headline-plain-text elementor-headline-text-wrapper\">\u00bfPor qu\u00e9 elegir <\/span>\n\t\t\t\t<span class=\"elementor-headline-dynamic-wrapper elementor-headline-text-wrapper\">\n\t\t\t\t\t<span class=\"elementor-headline-dynamic-text elementor-headline-text-active\">nuestros servicios?<\/span>\n\t\t\t\t<\/span>\n\t\t\t\t<\/h3>\n\t\t\t\t\t\t<\/div>\n\t\t\t\t\t<\/div>\n\t\t\t\t<\/div>\n\t\t<div class=\"elementor-element elementor-element-026d5c1 e-flex e-con-boxed e-con e-parent\" data-id=\"026d5c1\" data-element_type=\"container\" data-e-type=\"container\">\n\t\t\t\t\t<div class=\"e-con-inner\">\n\t\t<div class=\"elementor-element elementor-element-b52126b e-con-full e-flex elementor-invisible e-con e-child\" data-id=\"b52126b\" data-element_type=\"container\" data-e-type=\"container\" data-settings=\"{&quot;animation&quot;:&quot;fadeInLeft&quot;}\">\n\t\t\t\t<div class=\"elementor-element elementor-element-404e992 elementor-view-default elementor-position-block-start elementor-mobile-position-block-start elementor-widget elementor-widget-icon-box\" data-id=\"404e992\" data-element_type=\"widget\" data-e-type=\"widget\" data-widget_type=\"icon-box.default\">\n\t\t\t\t\t\t\t<div class=\"elementor-icon-box-wrapper\">\n\n\t\t\t\t\t\t<div class=\"elementor-icon-box-icon\">\n\t\t\t\t<span  class=\"elementor-icon\">\n\t\t\t\t<svg aria-hidden=\"true\" class=\"e-font-icon-svg e-fas-star\" viewBox=\"0 0 576 512\" xmlns=\"http:\/\/www.w3.org\/2000\/svg\"><path d=\"M259.3 17.8L194 150.2 47.9 171.5c-26.2 3.8-36.7 36.1-17.7 54.6l105.7 103-25 145.5c-4.5 26.3 23.2 46 46.4 33.7L288 439.6l130.7 68.7c23.2 12.2 50.9-7.4 46.4-33.7l-25-145.5 105.7-103c19-18.5 8.5-50.8-17.7-54.6L382 150.2 316.7 17.8c-11.7-23.6-45.6-23.9-57.4 0z\"><\/path><\/svg>\t\t\t\t<\/span>\n\t\t\t<\/div>\n\t\t\t\n\t\t\t\t\t\t<div class=\"elementor-icon-box-content\">\n\n\t\t\t\t\n\t\t\t\t\t\t\t\t\t<p class=\"elementor-icon-box-description\">\n\t\t\t\t\t\tExperiencia y profesionalismo en el sector el\u00e9ctrico.\t\t\t\t\t<\/p>\n\t\t\t\t\n\t\t\t<\/div>\n\t\t\t\n\t\t<\/div>\n\t\t\t\t\t\t<\/div>\n\t\t\t\t<\/div>\n\t\t<div class=\"elementor-element elementor-element-62fe97a e-con-full e-flex elementor-invisible e-con e-child\" data-id=\"62fe97a\" data-element_type=\"container\" data-e-type=\"container\" data-settings=\"{&quot;animation&quot;:&quot;fadeInUp&quot;}\">\n\t\t\t\t<div class=\"elementor-element elementor-element-a123acf elementor-view-default elementor-position-block-start elementor-mobile-position-block-start elementor-widget elementor-widget-icon-box\" data-id=\"a123acf\" data-element_type=\"widget\" data-e-type=\"widget\" data-widget_type=\"icon-box.default\">\n\t\t\t\t\t\t\t<div class=\"elementor-icon-box-wrapper\">\n\n\t\t\t\t\t\t<div class=\"elementor-icon-box-icon\">\n\t\t\t\t<span  class=\"elementor-icon\">\n\t\t\t\t<svg aria-hidden=\"true\" class=\"e-font-icon-svg e-far-handshake\" viewBox=\"0 0 640 512\" xmlns=\"http:\/\/www.w3.org\/2000\/svg\"><path d=\"M519.2 127.9l-47.6-47.6A56.252 56.252 0 0 0 432 64H205.2c-14.8 0-29.1 5.9-39.6 16.3L118 127.9H0v255.7h64c17.6 0 31.8-14.2 31.9-31.7h9.1l84.6 76.4c30.9 25.1 73.8 25.7 105.6 3.8 12.5 10.8 26 15.9 41.1 15.9 18.2 0 35.3-7.4 48.8-24 22.1 8.7 48.2 2.6 64-16.8l26.2-32.3c5.6-6.9 9.1-14.8 10.9-23h57.9c.1 17.5 14.4 31.7 31.9 31.7h64V127.9H519.2zM48 351.6c-8.8 0-16-7.2-16-16s7.2-16 16-16 16 7.2 16 16c0 8.9-7.2 16-16 16zm390-6.9l-26.1 32.2c-2.8 3.4-7.8 4-11.3 1.2l-23.9-19.4-30 36.5c-6 7.3-15 4.8-18 2.4l-36.8-31.5-15.6 19.2c-13.9 17.1-39.2 19.7-55.3 6.6l-97.3-88H96V175.8h41.9l61.7-61.6c2-.8 3.7-1.5 5.7-2.3H262l-38.7 35.5c-29.4 26.9-31.1 72.3-4.4 101.3 14.8 16.2 61.2 41.2 101.5 4.4l8.2-7.5 108.2 87.8c3.4 2.8 3.9 7.9 1.2 11.3zm106-40.8h-69.2c-2.3-2.8-4.9-5.4-7.7-7.7l-102.7-83.4 12.5-11.4c6.5-6 7-16.1 1-22.6L367 167.1c-6-6.5-16.1-6.9-22.6-1l-55.2 50.6c-9.5 8.7-25.7 9.4-34.6 0-9.3-9.9-8.5-25.1 1.2-33.9l65.6-60.1c7.4-6.8 17-10.5 27-10.5l83.7-.2c2.1 0 4.1.8 5.5 2.3l61.7 61.6H544v128zm48 47.7c-8.8 0-16-7.2-16-16s7.2-16 16-16 16 7.2 16 16c0 8.9-7.2 16-16 16z\"><\/path><\/svg>\t\t\t\t<\/span>\n\t\t\t<\/div>\n\t\t\t\n\t\t\t\t\t\t<div class=\"elementor-icon-box-content\">\n\n\t\t\t\t\n\t\t\t\t\t\t\t\t\t<p class=\"elementor-icon-box-description\">\n\t\t\t\t\t\t<strong data-start=\"2244\" data-end=\"2270\">Asesor\u00eda personalizada<\/strong> adaptada a las necesidades de tu empresa.\t\t\t\t\t<\/p>\n\t\t\t\t\n\t\t\t<\/div>\n\t\t\t\n\t\t<\/div>\n\t\t\t\t\t\t<\/div>\n\t\t\t\t<\/div>\n\t\t<div class=\"elementor-element elementor-element-56b1a70 e-con-full e-flex elementor-invisible e-con e-child\" data-id=\"56b1a70\" data-element_type=\"container\" data-e-type=\"container\" data-settings=\"{&quot;animation&quot;:&quot;fadeInUp&quot;}\">\n\t\t\t\t<div class=\"elementor-element elementor-element-33c7736 elementor-view-default elementor-position-block-start elementor-mobile-position-block-start elementor-widget elementor-widget-icon-box\" data-id=\"33c7736\" data-element_type=\"widget\" data-e-type=\"widget\" data-widget_type=\"icon-box.default\">\n\t\t\t\t\t\t\t<div class=\"elementor-icon-box-wrapper\">\n\n\t\t\t\t\t\t<div class=\"elementor-icon-box-icon\">\n\t\t\t\t<span  class=\"elementor-icon\">\n\t\t\t\t<svg aria-hidden=\"true\" class=\"e-font-icon-svg e-fas-money-check\" viewBox=\"0 0 640 512\" xmlns=\"http:\/\/www.w3.org\/2000\/svg\"><path d=\"M0 448c0 17.67 14.33 32 32 32h576c17.67 0 32-14.33 32-32V128H0v320zm448-208c0-8.84 7.16-16 16-16h96c8.84 0 16 7.16 16 16v32c0 8.84-7.16 16-16 16h-96c-8.84 0-16-7.16-16-16v-32zm0 120c0-4.42 3.58-8 8-8h112c4.42 0 8 3.58 8 8v16c0 4.42-3.58 8-8 8H456c-4.42 0-8-3.58-8-8v-16zM64 264c0-4.42 3.58-8 8-8h304c4.42 0 8 3.58 8 8v16c0 4.42-3.58 8-8 8H72c-4.42 0-8-3.58-8-8v-16zm0 96c0-4.42 3.58-8 8-8h176c4.42 0 8 3.58 8 8v16c0 4.42-3.58 8-8 8H72c-4.42 0-8-3.58-8-8v-16zM624 32H16C7.16 32 0 39.16 0 48v48h640V48c0-8.84-7.16-16-16-16z\"><\/path><\/svg>\t\t\t\t<\/span>\n\t\t\t<\/div>\n\t\t\t\n\t\t\t\t\t\t<div class=\"elementor-icon-box-content\">\n\n\t\t\t\t\n\t\t\t\t\t\t\t\t\t<p class=\"elementor-icon-box-description\">\n\t\t\t\t\t\tPrecios competitivos con descuentos para clientes frecuentes.\t\t\t\t\t<\/p>\n\t\t\t\t\n\t\t\t<\/div>\n\t\t\t\n\t\t<\/div>\n\t\t\t\t\t\t<\/div>\n\t\t\t\t<\/div>\n\t\t<div class=\"elementor-element elementor-element-c851f3f e-con-full e-flex elementor-invisible e-con e-child\" data-id=\"c851f3f\" data-element_type=\"container\" data-e-type=\"container\" data-settings=\"{&quot;animation&quot;:&quot;fadeInRight&quot;}\">\n\t\t\t\t<div class=\"elementor-element elementor-element-0e4d907 elementor-view-default elementor-position-block-start elementor-mobile-position-block-start elementor-widget elementor-widget-icon-box\" data-id=\"0e4d907\" data-element_type=\"widget\" data-e-type=\"widget\" data-widget_type=\"icon-box.default\">\n\t\t\t\t\t\t\t<div class=\"elementor-icon-box-wrapper\">\n\n\t\t\t\t\t\t<div class=\"elementor-icon-box-icon\">\n\t\t\t\t<span  class=\"elementor-icon\">\n\t\t\t\t<svg aria-hidden=\"true\" class=\"e-font-icon-svg e-fas-truck-loading\" viewBox=\"0 0 640 512\" xmlns=\"http:\/\/www.w3.org\/2000\/svg\"><path d=\"M50.2 375.6c2.3 8.5 11.1 13.6 19.6 11.3l216.4-58c8.5-2.3 13.6-11.1 11.3-19.6l-49.7-185.5c-2.3-8.5-11.1-13.6-19.6-11.3L151 133.3l24.8 92.7-61.8 16.5-24.8-92.7-77.3 20.7C3.4 172.8-1.7 181.6.6 190.1l49.6 185.5zM384 0c-17.7 0-32 14.3-32 32v323.6L5.9 450c-4.3 1.2-6.8 5.6-5.6 9.8l12.6 46.3c1.2 4.3 5.6 6.8 9.8 5.6l393.7-107.4C418.8 464.1 467.6 512 528 512c61.9 0 112-50.1 112-112V0H384zm144 448c-26.5 0-48-21.5-48-48s21.5-48 48-48 48 21.5 48 48-21.5 48-48 48z\"><\/path><\/svg>\t\t\t\t<\/span>\n\t\t\t<\/div>\n\t\t\t\n\t\t\t\t\t\t<div class=\"elementor-icon-box-content\">\n\n\t\t\t\t\n\t\t\t\t\t\t\t\t\t<p class=\"elementor-icon-box-description\">\n\t\t\t\t\t\tEntrega r\u00e1pida y segura para que tu proyecto avance sin contratiempos.\t\t\t\t\t<\/p>\n\t\t\t\t\n\t\t\t<\/div>\n\t\t\t\n\t\t<\/div>\n\t\t\t\t\t\t<\/div>\n\t\t\t\t<\/div>\n\t\t<div class=\"elementor-element elementor-element-efcf25d e-con-full e-flex elementor-invisible e-con e-child\" data-id=\"efcf25d\" data-element_type=\"container\" data-e-type=\"container\" data-settings=\"{&quot;animation&quot;:&quot;fadeInRight&quot;}\">\n\t\t\t\t<div class=\"elementor-element elementor-element-21d45d6 elementor-invisible elementor-widget elementor-widget-text-editor\" data-id=\"21d45d6\" data-element_type=\"widget\" data-e-type=\"widget\" data-settings=\"{&quot;_animation&quot;:&quot;fadeInUp&quot;}\" data-widget_type=\"text-editor.default\">\n\t\t\t\t\t\t\t\t\t<p data-start=\"2459\" data-end=\"2671\">En <strong data-start=\"2462\" data-end=\"2490\">Electricidad Guerra EIRL<\/strong>, nuestra prioridad es proporcionarte <strong data-start=\"2528\" data-end=\"2564\">soluciones el\u00e9ctricas confiables<\/strong> y de calidad que impulsen el \u00e9xito de tu negocio. \u00a1Cont\u00e1ctanos hoy mismo y descubre c\u00f3mo podemos ayudarte!<\/p>\t\t\t\t\t\t\t\t<\/div>\n\t\t\t\t<\/div>\n\t\t\t\t\t<\/div>\n\t\t\t\t<\/div>\n\t\t\t\t<\/div>\n\t\t","protected":false},"excerpt":{"rendered":"<p>Servicios Nuestros Servicios En Electricidad Guerra EIRL ofrecemos una amplia gama de productos y servicios el\u00e9ctricos dise\u00f1ados para satisfacer las necesidades de las peque\u00f1as y medianas empresas. Nos especializamos en proporcionar soluciones personalizadas y de alta calidad para que tu proyecto sea todo un \u00e9xito. 1. Venta de Productos El\u00e9ctricos Contamos con un extenso cat\u00e1logo [&hellip;]<\/p>\n","protected":false},"author":1,"featured_media":0,"parent":0,"menu_order":0,"comment_status":"closed","ping_status":"closed","template":"","meta":{"footnotes":""},"class_list":["post-42","page","type-page","status-publish","hentry"],"_links":{"self":[{"href":"https:\/\/guertec.andrea.web.c1.cl\/index.php\/wp-json\/wp\/v2\/pages\/42","targetHints":{"allow":["GET"]}}],"collection":[{"href":"https:\/\/guertec.andrea.web.c1.cl\/index.php\/wp-json\/wp\/v2\/pages"}],"about":[{"href":"https:\/\/guertec.andrea.web.c1.cl\/index.php\/wp-json\/wp\/v2\/types\/page"}],"author":[{"embeddable":true,"href":"https:\/\/guertec.andrea.web.c1.cl\/index.php\/wp-json\/wp\/v2\/users\/1"}],"replies":[{"embeddable":true,"href":"https:\/\/guertec.andrea.web.c1.cl\/index.php\/wp-json\/wp\/v2\/comments?post=42"}],"version-history":[{"count":19,"href":"https:\/\/guertec.andrea.web.c1.cl\/index.php\/wp-json\/wp\/v2\/pages\/42\/revisions"}],"predecessor-version":[{"id":191,"href":"https:\/\/guertec.andrea.web.c1.cl\/index.php\/wp-json\/wp\/v2\/pages\/42\/revisions\/191"}],"wp:attachment":[{"href":"https:\/\/guertec.andrea.web.c1.cl\/index.php\/wp-json\/wp\/v2\/media?parent=42"}],"curies":[{"name":"wp","href":"https:\/\/api.w.org\/{rel}","templated":true}]}}